 of y and 43.
43
Suppose 0 = -4*s + 20, 6*s - 3*s - 114 = -3*h. Let x be 1*2*h/2. What is the greatest common divisor of 132 and x?
33
Suppose -10*g + 707 = 147. What is the highest common factor of g and 56?
56
Suppose 17 = -l + 60. Let r = l + 38. Suppose 9*p - 72 = p. What is the highest common factor of r and p?
9
Let d = 992 + -848. Calculate the highest common divisor of 180 and d.
36
Let o(s) = 0*s**2 + s**2 + 3*s**2 - 2*s**2 - 2. Suppose k + 5*k + 18 = 0. Let l be o(k). Calculate the highest common factor of l and 112.
16
Let s be (1 + 1)/((-2)/2). Let b(u) = 3*u**2 - u - 45. Let r be b(0). Let k be (-1 + s)*120/r. Calculate the highest common divisor of k and 88.
8
Let f be 1/2*1*6. Suppose -3*m + 4*g - 12 = -4, -m - 3*g + 19 = 0. Suppose 0*x - 4*x = -m. Calculate the greatest common factor of f and x.
1
Let z = 24 + -20. Suppose 4*t - 83 = 2*p - 11, -t + 4*p + z = 0. Calculate the greatest common divisor of 4 and t.
4
Let v(q) = -4*q**2 + 1 + 0*q + q + q**3 - q**2. Let r = 199 - 194. Let g be v(r). What is the highest common factor of g and 2?
2
Let k = -1566 + 1950. Calculate the greatest common divisor of k and 12.
12
Let m(p) = p**2 + 69*p + 658. Let c be m(-58). Calculate the highest common divisor of c and 260.
20
Let x(c) = -c**3 + 3*c**2 + c. Let s be x(2). Suppose 7*p + 13 = 55. What is the greatest common factor of p and s?
6
Suppose 0 = h + 6*h - 84. Calculate the highest common factor of 16 and h.
4
Suppose 2*m = 5*f + 6 - 261, -3*m = -4*f + 211. Let j(v) = 7*v**2. Suppose -3*l = -8*l - 5. Let c be j(l). Calculate the greatest common divisor of c and f.
7
Suppose 9*v - 4*v - 152 = 4*f, -4*v = -4*f - 124. Suppose -3*n = -n - 392. Calculate the highest common factor of n and v.
28
Suppose -3*v + 145 = i, -4*v = v - 2*i - 260. Calculate the greatest common divisor of 20 and v.
10
Let a(b) = -4*b - 4. Let l be a(5). Let h = -24 - l. Suppose h = 2*n + 4*i, -2*n - 4*i + 2*i = -10. What is the greatest common factor of n and 70?
10
Let y = 3 + 1. Let a(v) = 4*v**3 - 14*v**2 - 19*v + 37. Let x be a(5). Calculate the greatest common factor of y and x.
4
Let a be 791/10 + (-14)/140. What is the highest common factor of a and 316?
79
Let f = -12 - -19. Suppose 2*q - f*q + 2*j + 99 = 0, -5*q + 3*j + 101 = 0. What is the highest common factor of 57 and q?
19
Suppose 3*c = 5*z - 495, 0 = -2*z + c + 118 + 80. What is the greatest common divisor of 242 and z?
11
Let d = 4 + -24. Let t be (2/(-4)*d)/1. What is the greatest common factor of t and 4?
2
Let c = 107 - 105. Suppose -52 = -3*n + 5*o, -n + 52 = 3*n + c*o. What is the greatest common divisor of n and 14?
14
Suppose 10*v = 7*v + 213. What is the highest common divisor of v and 923?
71
Let g(h) be the third derivative of h**5/60 - 5*h**4/24 - h**3 + 33*h**2. Let q be g(-2). Calculate the highest common factor of q and 4.
4
Let r(p) be the first derivative of -8 - 2*p - 2*p**2 + 1/3*p**3. Let c be r(-3). What is the highest common divisor of 95 and c?
19
Let x be (-162)/(-18) - 0/(-1). Calculate the highest common factor of x and 9.
9
Suppose -32*p - 63 = -2751. Suppose 0 = -4*w + 84 + 28. What is the highest common factor of p and w?
28
Suppose 0*f - 2*g + 163 = f, -2*f + g = -331. Calculate the highest common factor of 15 and f.
15
Suppose 2*s = 3*s - 54. Suppose 2*b - s = -b. Suppose 8*z + 7*z - 270 = 0. Calculate the highest common divisor of b and z.
18
Suppose -2*d + k + 20 = 0, 4*d = -3*k + 16 + 24. Let o(q) = -4 - 3*q + 3*q + 4*q. Let a be o(d). Calculate the greatest common factor of 4 and a.
4
Let u be (-9)/(-15) + 57/5. Suppose -g - u = 5*n - 35, -5*n + 2*g = -14. Calculate the greatest common factor of 28 and n.
4
Let c(m) = 29*m - 3. Let g be c(3). Let z(n) = n**3 - 7*n**2 + 6*n - 1. Let v be z(6). Let q = 11 - v. Calculate the greatest common divisor of q and g.
12
Suppose -22*r + 19*r + 552 = 0. What is the greatest common factor of r and 69?
23
Let a(n) = 216*n**3 - n + 1. Suppose -8*b = -3*b - 5. Let w be a(b). Calculate the highest common factor of 27 and w.
27
Suppose -3*q + 9 = -0*q. Suppose 28 = q*a + 10. Let i be 3*1 + a/(-3). What is the highest common divisor of i and 4?
1
Let m = -288 + 310. What is the highest common divisor of m and 154?
22
Let i(d) be the third derivative of d**6/120 - 17*d**5/60 - 17*d**4/24 - d**3/6 + 29*d**2. Let u be i(18). Calculate the highest common divisor of u and 51.
17
Suppose -108 = 5*x - 353. Let u = x + -31. What is the highest common factor of u and 90?
18
Suppose -a - 7 = -16. Let n(i) = -i + 7. Let k be n(a). Let b be 96 - (k + 5) - -3. Calculate the highest common divisor of b and 24.
24
Suppose 4*h + 74 - 50 = 0. Let g be (-207)/h + (-3)/6. What is the highest common divisor of 51 and g?
17
Let v = 65 + -5. Suppose -3*u - 20 + 92 = 0. Calculate the highest common factor of u and v.
12
Let b(u) = -u**3 - 10*u**2 + 8*u - 16. Let s be 11/4*1*-4. Let h be b(s). Let k = 29 - h. Calculate the greatest common factor of 12 and k.
12
Suppose -3*l + 0*l = -21. Suppose l + 28 = 5*h. Suppose 5*p - h = 33. What is the greatest common divisor of p and 4?
4
Let m(l) = 4*l**2 - 14*l - 3. Let n be m(-6). Let b = n + -158. Suppose -4*y + b = -13. Calculate the greatest common factor of y and 20.
20
Suppose -m + 3*t = m - 43, -2*m - 4*t + 64 = 0. What is the greatest common divisor of 91 and m?
13
Suppose s + 2*r - 16 = 5*r, -s + 30 = 4*r. Calculate the greatest common divisor of s and 3058.
22
Let m be (-873)/36 + 6/(-8). Let q = 19 - m. Calculate the highest common factor of 66 and q.
22
Let w(y) = 11*y**2 - 2*y - 4. Let b be w(-2). What is the greatest common factor of b and 11?
11
Let o = 27 + -28. Let t = o - -17. What is the highest common factor of t and 176?
16
Let d(s) = 25*s**2 + s + 1. Let z be d(-1). Suppose -600 = -176*a + 168*a. Calculate the greatest common divisor of z and a.
25
Suppose y + 4*v - 12 = 3, 5*y - 41 = -3*v. Let q be (13 - 2)/(2/26). Suppose -3*i = w - q, 11 = -4*w - 5. Calculate the highest common factor of y and i.
7
Let u be -7 + 6 + -3 - -1*19. Calculate the greatest common factor of 3 and u.
3
Suppose -3*k + 5*l + 44 = -73, -l - 139 = -4*k. Suppose -2*i = -0*i - 612. Calculate the highest common divisor of i and k.
34
Let m be 1603/4 - (-297)/(-396). Calculate the highest common divisor of m and 16.
16
Let i = 15 + -15. Suppose i = -5*r + 2*r + 33. Let k = 7 - -4. What is the greatest common divisor of k and r?
11
Suppose -712 = -2*m - 40. Calculate the highest common divisor of 48 and m.
48
Let p(m) = 5*m**2 - 3*m + 8. Suppose 5*z - 24 = z. Let c be p(z). Let y = c + -93. What is the highest common divisor of 7 and y?
7
Suppose 5*q - 1255 = -5*x, 0 = 5*x - 5*q + 8*q - 1257. What is the greatest common factor of x and 7?
7
Let l(p) = 2*p**2 - 6*p. Let n be l(5). Calculate the greatest common divisor of n and 60.
20
Suppose 3*z = -5*y - 40 + 290, 5*y = 2*z - 150. Calculate the highest common factor of 10 and z.
10
Let a(b) = -14 - b - 14*b + 13*b. Let n be a(-22). Calculate the highest common divisor of n and 75.
15
Let m be ((-11400)/(-35))/(3/14). What is the greatest common divisor of 95 and m?
95
Let o be (-1 - 0)/(3/(-21)). Let f(w) = -w**3 + 7*w**2 + 2*w - 8. Let m be f(o). Let u = 211 - 157. What is the highest common divisor of u and m?
6
Let l be 15/(-25) + 3/5. Suppose -9*x = -l*x - 189. Let c = 361 + -214. What is the highest common divisor of c and x?
21
Let u(g) = -3*g**3 + 43*g**2 - 7*g + 43. Let h be u(14). What is the greatest common factor of 3 and h?
3
Suppose 95*t = 91*t + 200. What is the greatest common divisor of 1325 and t?
25
Let p(i) = 36*i**3 - i**2 + 1. Let q be p(1). Let x = q - 18. What is the greatest common divisor of 162 and x?
18
Suppose 3*y - 8 = 2*f, 0*y + 10 = 3*y - 4*f. Let s be y/(-9) - (-52)/(-9). Let l be (-2)/(-1) - (-16 - s). Calculate the highest common factor of 30 and l.
6
Let s = -2 + 2. Suppose -r + 15 + 13 = s. Suppose 2*l + m = 7, -1 = -0*m + m. What is the greatest common factor of l and r?
4
Suppose -4*y - 42 = 2*s - 16, 4*s - 4 = -y. Let d = y + 11. Suppose d*w + 5 = 38. What is the greatest common factor of w and 11?
11
Let g(n) = n**3 + 3*n**2 + 10. Let h be g(5). Calculate the greatest common divisor of 12 and h.
6
Let a = -2776 - -2802. Let x(d) =